{"id":57,"date":"2019-04-16T15:54:41","date_gmt":"2019-04-16T15:54:41","guid":{"rendered":"http:\/\/www.edunexos.edu.co\/maestriaeducacion\/?page_id=57"},"modified":"2019-04-16T15:54:42","modified_gmt":"2019-04-16T15:54:42","slug":"perfil-del-profesional","status":"publish","type":"page","link":"https:\/\/www.edunexos.edu.co\/maestriaeducacion2028\/perfil-del-profesional\/","title":{"rendered":"Perf\u00edl del Profesional"},"content":{"rendered":"\n<p>La Maestr\u00eda en Educaci\u00f3n SUE Caribe, plantea la formaci\u00f3n de un investigador que:<\/p>\n\n\n\n<ul class=\"wp-block-list\"><li>Ejerza con calidad la docencia y proyecte las experiencias logradas y el conocimiento construido en la perspectiva de desarrollo del contexto socio-cultural<\/li><li>Se comprometa con la gesti\u00f3n de la calidad educativa desde la evaluaci\u00f3n permanente de los entornos en que se halla inmerso, delimitados como macro y microcontextos, curriculares, institucionales, ambientales, regionales, multiculturales.&nbsp;<br><\/li><\/ul>\n\n\n\n<p>&nbsp;Desde una perspectiva pedag\u00f3gica el egresado pondr\u00e1 en acci\u00f3n competencias sociales, valorativas, cognitivas, cognoscitivas y comunicativas.<\/p>\n\n\n\n<p>Desde la perspectiva investigativa deber\u00e1 demostrar que es competente para:<\/p>\n\n\n\n<ul class=\"wp-block-list\"><li>Abordar, caracterizar y comprender la problem\u00e1tica educativa en general y del contexto institucional y de las comunidades de su sector de influencia.<\/li><li>Argumentar, proponer e intervenir con metodolog\u00edas apropiadas desde la investigaci\u00f3n la problem\u00e1tica educativa institucional asegurando el desarrollo de una docencia cualificada en cumplimiento de un mejor rol dentro de las comunidades de las que es miembro.<\/li><li>Idear y aplicar m\u00e9todos, t\u00e9cnicas e instrumentos adecuados para la valoraci\u00f3n y evaluaci\u00f3n del contexto institucional con miras a la concepci\u00f3n de modelos y sistemas de mejoramiento de procesos organizacionales.<\/li><li>Dirigir procesos de reformulaci\u00f3n y reconceptualizaci\u00f3n te\u00f3rica y pr\u00e1ctica de la vida de las instituciones educativas con efectos evidentes en lo administrativo, lo curricular y lo pedag\u00f3gico.<\/li><li>Ejercer liderazgo en los procesos de gesti\u00f3n institucional, desarrollando una participaci\u00f3n activa, mediante la implementaci\u00f3n de estrategias a partir de razonamientos te\u00f3ricos en procesos de calidad operacionalizados a trav\u00e9s de instrumentos, t\u00e9cnicas y m\u00e9todos.<\/li><\/ul>\n","protected":false},"excerpt":{"rendered":"<p>La Maestr\u00eda en Educaci\u00f3n SUE Caribe, plantea la formaci\u00f3n de un investigador que: Ejerza con calidad la docencia y proyecte las experiencias logradas y el conocimiento construido en la perspectiva de desarrollo del contexto socio-cultural Se comprometa con la gesti\u00f3n de la calidad educativa desde la evaluaci\u00f3n permanente de los entornos en que se halla [&hellip;]<\/p>\n","protected":false},"author":1,"featured_media":0,"parent":0,"menu_order":0,"comment_status":"closed","ping_status":"closed","template":"","meta":{"footnotes":""},"class_list":["post-57","page","type-page","status-publish","hentry"],"yoast_head":"<!-- This site is optimized with the Yoast SEO plugin v24.2 - https:\/\/yoast.com\/wordpress\/plugins\/seo\/ -->\n<title>Perf\u00edl del Profesional - MAESTR\u00cdA EN EDUCACI\u00d3N SUE CARIBE<\/title>\n<meta name=\"robots\" content=\"index, follow, max-snippet:-1, max-image-preview:large, max-video-preview:-1\" \/>\n<link rel=\"canonical\" href=\"https:\/\/www.edunexos.edu.co\/maestriaeducacion2028\/perfil-del-profesional\/\" \/>\n<meta property=\"og:locale\" content=\"es_ES\" \/>\n<meta property=\"og:type\" content=\"article\" \/>\n<meta property=\"og:title\" content=\"Perf\u00edl del Profesional - MAESTR\u00cdA EN EDUCACI\u00d3N SUE CARIBE\" \/>\n<meta property=\"og:description\" content=\"La Maestr\u00eda en Educaci\u00f3n SUE Caribe, plantea la formaci\u00f3n de un investigador que: Ejerza con calidad la docencia y proyecte las experiencias logradas y el conocimiento construido en la perspectiva de desarrollo del contexto socio-cultural Se comprometa con la gesti\u00f3n de la calidad educativa desde la evaluaci\u00f3n permanente de los entornos en que se halla [&hellip;]\" \/>\n<meta property=\"og:url\" content=\"https:\/\/www.edunexos.edu.co\/maestriaeducacion2028\/perfil-del-profesional\/\" \/>\n<meta property=\"og:site_name\" content=\"MAESTR\u00cdA EN EDUCACI\u00d3N SUE CARIBE\" \/>\n<meta property=\"article:modified_time\" content=\"2019-04-16T15:54:42+00:00\" \/>\n<meta name=\"twitter:card\" content=\"summary_large_image\" \/>\n<meta name=\"twitter:label1\" content=\"Tiempo de lectura\" \/>\n\t<meta name=\"twitter:data1\" content=\"1 minuto\" \/>\n<script type=\"application\/ld+json\" class=\"yoast-schema-graph\">{\"@context\":\"https:\/\/schema.org\",\"@graph\":[{\"@type\":\"WebPage\",\"@id\":\"https:\/\/www.edunexos.edu.co\/maestriaeducacion2028\/perfil-del-profesional\/\",\"url\":\"https:\/\/www.edunexos.edu.co\/maestriaeducacion2028\/perfil-del-profesional\/\",\"name\":\"Perf\u00edl del Profesional - MAESTR\u00cdA EN EDUCACI\u00d3N SUE CARIBE\",\"isPartOf\":{\"@id\":\"https:\/\/www.edunexos.edu.co\/maestriaeducacion2028\/#website\"},\"datePublished\":\"2019-04-16T15:54:41+00:00\",\"dateModified\":\"2019-04-16T15:54:42+00:00\",\"breadcrumb\":{\"@id\":\"https:\/\/www.edunexos.edu.co\/maestriaeducacion2028\/perfil-del-profesional\/#breadcrumb\"},\"inLanguage\":\"es-CO\",\"potentialAction\":[{\"@type\":\"ReadAction\",\"target\":[\"https:\/\/www.edunexos.edu.co\/maestriaeducacion2028\/perfil-del-profesional\/\"]}]},{\"@type\":\"BreadcrumbList\",\"@id\":\"https:\/\/www.edunexos.edu.co\/maestriaeducacion2028\/perfil-del-profesional\/#breadcrumb\",\"itemListElement\":[{\"@type\":\"ListItem\",\"position\":1,\"name\":\"Inicio\",\"item\":\"https:\/\/www.edunexos.edu.co\/maestriaeducacion2028\/\"},{\"@type\":\"ListItem\",\"position\":2,\"name\":\"Perf\u00edl del Profesional\"}]},{\"@type\":\"WebSite\",\"@id\":\"https:\/\/www.edunexos.edu.co\/maestriaeducacion2028\/#website\",\"url\":\"https:\/\/www.edunexos.edu.co\/maestriaeducacion2028\/\",\"name\":\"MAESTR\u00cdA EN EDUCACI\u00d3N SUE CARIBE\",\"description\":\"SISTEMA DE UNIVERSIDADES ESTATALES DEL CARIBE COLOMBIANO\",\"publisher\":{\"@id\":\"https:\/\/www.edunexos.edu.co\/maestriaeducacion2028\/#organization\"},\"potentialAction\":[{\"@type\":\"SearchAction\",\"target\":{\"@type\":\"EntryPoint\",\"urlTemplate\":\"https:\/\/www.edunexos.edu.co\/maestriaeducacion2028\/?s={search_term_string}\"},\"query-input\":{\"@type\":\"PropertyValueSpecification\",\"valueRequired\":true,\"valueName\":\"search_term_string\"}}],\"inLanguage\":\"es-CO\"},{\"@type\":\"Organization\",\"@id\":\"https:\/\/www.edunexos.edu.co\/maestriaeducacion2028\/#organization\",\"name\":\"MAESTR\u00cdA EN EDUCACI\u00d3N SUE CARIBE\",\"url\":\"https:\/\/www.edunexos.edu.co\/maestriaeducacion2028\/\",\"logo\":{\"@type\":\"ImageObject\",\"inLanguage\":\"es-CO\",\"@id\":\"https:\/\/www.edunexos.edu.co\/maestriaeducacion2028\/#\/schema\/logo\/image\/\",\"url\":\"https:\/\/www.edunexos.edu.co\/maestriaeducacion2028\/wp-content\/uploads\/2019\/05\/logo4.png\",\"contentUrl\":\"https:\/\/www.edunexos.edu.co\/maestriaeducacion2028\/wp-content\/uploads\/2019\/05\/logo4.png\",\"width\":113,\"height\":68,\"caption\":\"MAESTR\u00cdA EN EDUCACI\u00d3N SUE CARIBE\"},\"image\":{\"@id\":\"https:\/\/www.edunexos.edu.co\/maestriaeducacion2028\/#\/schema\/logo\/image\/\"}}]}<\/script>\n<!-- \/ Yoast SEO plugin. -->","yoast_head_json":{"title":"Perf\u00edl del Profesional - MAESTR\u00cdA EN EDUCACI\u00d3N SUE CARIBE","robots":{"index":"index","follow":"follow","max-snippet":"max-snippet:-1","max-image-preview":"max-image-preview:large","max-video-preview":"max-video-preview:-1"},"canonical":"https:\/\/www.edunexos.edu.co\/maestriaeducacion2028\/perfil-del-profesional\/","og_locale":"es_ES","og_type":"article","og_title":"Perf\u00edl del Profesional - MAESTR\u00cdA EN EDUCACI\u00d3N SUE CARIBE","og_description":"La Maestr\u00eda en Educaci\u00f3n SUE Caribe, plantea la formaci\u00f3n de un investigador que: Ejerza con calidad la docencia y proyecte las experiencias logradas y el conocimiento construido en la perspectiva de desarrollo del contexto socio-cultural Se comprometa con la gesti\u00f3n de la calidad educativa desde la evaluaci\u00f3n permanente de los entornos en que se halla [&hellip;]","og_url":"https:\/\/www.edunexos.edu.co\/maestriaeducacion2028\/perfil-del-profesional\/","og_site_name":"MAESTR\u00cdA EN EDUCACI\u00d3N SUE CARIBE","article_modified_time":"2019-04-16T15:54:42+00:00","twitter_card":"summary_large_image","twitter_misc":{"Tiempo de lectura":"1 minuto"},"schema":{"@context":"https:\/\/schema.org","@graph":[{"@type":"WebPage","@id":"https:\/\/www.edunexos.edu.co\/maestriaeducacion2028\/perfil-del-profesional\/","url":"https:\/\/www.edunexos.edu.co\/maestriaeducacion2028\/perfil-del-profesional\/","name":"Perf\u00edl del Profesional - MAESTR\u00cdA EN EDUCACI\u00d3N SUE CARIBE","isPartOf":{"@id":"https:\/\/www.edunexos.edu.co\/maestriaeducacion2028\/#website"},"datePublished":"2019-04-16T15:54:41+00:00","dateModified":"2019-04-16T15:54:42+00:00","breadcrumb":{"@id":"https:\/\/www.edunexos.edu.co\/maestriaeducacion2028\/perfil-del-profesional\/#breadcrumb"},"inLanguage":"es-CO","potentialAction":[{"@type":"ReadAction","target":["https:\/\/www.edunexos.edu.co\/maestriaeducacion2028\/perfil-del-profesional\/"]}]},{"@type":"BreadcrumbList","@id":"https:\/\/www.edunexos.edu.co\/maestriaeducacion2028\/perfil-del-profesional\/#breadcrumb","itemListElement":[{"@type":"ListItem","position":1,"name":"Inicio","item":"https:\/\/www.edunexos.edu.co\/maestriaeducacion2028\/"},{"@type":"ListItem","position":2,"name":"Perf\u00edl del Profesional"}]},{"@type":"WebSite","@id":"https:\/\/www.edunexos.edu.co\/maestriaeducacion2028\/#website","url":"https:\/\/www.edunexos.edu.co\/maestriaeducacion2028\/","name":"MAESTR\u00cdA EN EDUCACI\u00d3N SUE CARIBE","description":"SISTEMA DE UNIVERSIDADES ESTATALES DEL CARIBE COLOMBIANO","publisher":{"@id":"https:\/\/www.edunexos.edu.co\/maestriaeducacion2028\/#organization"},"potentialAction":[{"@type":"SearchAction","target":{"@type":"EntryPoint","urlTemplate":"https:\/\/www.edunexos.edu.co\/maestriaeducacion2028\/?s={search_term_string}"},"query-input":{"@type":"PropertyValueSpecification","valueRequired":true,"valueName":"search_term_string"}}],"inLanguage":"es-CO"},{"@type":"Organization","@id":"https:\/\/www.edunexos.edu.co\/maestriaeducacion2028\/#organization","name":"MAESTR\u00cdA EN EDUCACI\u00d3N SUE CARIBE","url":"https:\/\/www.edunexos.edu.co\/maestriaeducacion2028\/","logo":{"@type":"ImageObject","inLanguage":"es-CO","@id":"https:\/\/www.edunexos.edu.co\/maestriaeducacion2028\/#\/schema\/logo\/image\/","url":"https:\/\/www.edunexos.edu.co\/maestriaeducacion2028\/wp-content\/uploads\/2019\/05\/logo4.png","contentUrl":"https:\/\/www.edunexos.edu.co\/maestriaeducacion2028\/wp-content\/uploads\/2019\/05\/logo4.png","width":113,"height":68,"caption":"MAESTR\u00cdA EN EDUCACI\u00d3N SUE CARIBE"},"image":{"@id":"https:\/\/www.edunexos.edu.co\/maestriaeducacion2028\/#\/schema\/logo\/image\/"}}]}},"_links":{"self":[{"href":"https:\/\/www.edunexos.edu.co\/maestriaeducacion2028\/wp-json\/wp\/v2\/pages\/57","targetHints":{"allow":["GET"]}}],"collection":[{"href":"https:\/\/www.edunexos.edu.co\/maestriaeducacion2028\/wp-json\/wp\/v2\/pages"}],"about":[{"href":"https:\/\/www.edunexos.edu.co\/maestriaeducacion2028\/wp-json\/wp\/v2\/types\/page"}],"author":[{"embeddable":true,"href":"https:\/\/www.edunexos.edu.co\/maestriaeducacion2028\/wp-json\/wp\/v2\/users\/1"}],"replies":[{"embeddable":true,"href":"https:\/\/www.edunexos.edu.co\/maestriaeducacion2028\/wp-json\/wp\/v2\/comments?post=57"}],"version-history":[{"count":1,"href":"https:\/\/www.edunexos.edu.co\/maestriaeducacion2028\/wp-json\/wp\/v2\/pages\/57\/revisions"}],"predecessor-version":[{"id":58,"href":"https:\/\/www.edunexos.edu.co\/maestriaeducacion2028\/wp-json\/wp\/v2\/pages\/57\/revisions\/58"}],"wp:attachment":[{"href":"https:\/\/www.edunexos.edu.co\/maestriaeducacion2028\/wp-json\/wp\/v2\/media?parent=57"}],"curies":[{"name":"wp","href":"https:\/\/api.w.org\/{rel}","templated":true}]}}